{"id":44,"date":"2018-08-25T20:00:34","date_gmt":"2018-08-25T18:00:34","guid":{"rendered":"https:\/\/amigo111.eu\/?page_id=44"},"modified":"2018-08-25T20:05:27","modified_gmt":"2018-08-25T18:05:27","slug":"kontakt","status":"publish","type":"page","link":"https:\/\/amigo111.eu\/index.php\/kontakt\/","title":{"rendered":"Kontakt"},"content":{"rendered":"<h1><strong>Kontakt<\/strong><\/h1>\n<p><strong>E-mail:<\/strong> peteramigo111 <em>[zavin\u00e1\u010d]<\/em> gmail.com<\/p>\n<p><strong>Facebook:\u00a0<a href=\"https:\/\/www.facebook.com\/groups\/301620240420040\/\">https:\/\/www.facebook.com\/groups\/301620240420040\/<\/a><\/strong><\/p>\n<p><strong>M\u00f4j volac\u00ed kan\u00e1l<\/strong><br \/>\n<strong>1:<\/strong> 26,965 MHz (FM)<br \/>\n<strong>12:<\/strong> 27,555 MHz (USB International)<br \/>\n<strong>15:<\/strong> 27,135 MHz (USB)<br \/>\n<strong>29:<\/strong> 27,295 MHz (FM)<\/p>\n<p>&nbsp;<\/p>\n","protected":false},"excerpt":{"rendered":"<p>Kontakt E-mail: peteramigo111 [zavin\u00e1\u010d] gmail.com Facebook:\u00a0https:\/\/www.facebook.com\/groups\/301620240420040\/ M\u00f4j volac\u00ed kan\u00e1l 1: 26,965 MHz (FM) 12: 27,555 MHz (USB International) 15: 27,135 MHz (USB) 29: 27,295 MHz (FM) &nbsp;<\/p>\n","protected":false},"author":1,"featured_media":0,"parent":0,"menu_order":0,"comment_status":"closed","ping_status":"closed","template":"","meta":{"footnotes":""},"class_list":["post-44","page","type-page","status-publish","hentry"],"_links":{"self":[{"href":"https:\/\/amigo111.eu\/index.php\/wp-json\/wp\/v2\/pages\/44"}],"collection":[{"href":"https:\/\/amigo111.eu\/index.php\/wp-json\/wp\/v2\/pages"}],"about":[{"href":"https:\/\/amigo111.eu\/index.php\/wp-json\/wp\/v2\/types\/page"}],"author":[{"embeddable":true,"href":"https:\/\/amigo111.eu\/index.php\/wp-json\/wp\/v2\/users\/1"}],"replies":[{"embeddable":true,"href":"https:\/\/amigo111.eu\/index.php\/wp-json\/wp\/v2\/comments?post=44"}],"version-history":[{"count":3,"href":"https:\/\/amigo111.eu\/index.php\/wp-json\/wp\/v2\/pages\/44\/revisions"}],"predecessor-version":[{"id":48,"href":"https:\/\/amigo111.eu\/index.php\/wp-json\/wp\/v2\/pages\/44\/revisions\/48"}],"wp:attachment":[{"href":"https:\/\/amigo111.eu\/index.php\/wp-json\/wp\/v2\/media?parent=44"}],"curies":[{"name":"wp","href":"https:\/\/api.w.org\/{rel}","templated":true}]}}